ed by l(4).
1
Let h be 1 + (-27)/6*2. Let i = 16 + h. Let l = -6 + i. Calculate the remainder when 3 is divided by l.
1
Let u = 24 - 15. Suppose -4*y = 1 - u. Calculate the remainder when 9 is divided by y.
1
Let c = 94 - 68. What is the remainder when 76 is divided by c?
24
Let f(y) = -y**2 + 6*y. Suppose -2*i = i - 12. Suppose -j - 42 = -i*j. Calculate the remainder when j is divided by f(5).
4
Let b(c) = 2*c**2 + c + 2. What is the remainder when 34/10 - 6/15 is divided by b(0)?
1
Let x be (34/(-6))/((-1)/3). Let y = x - 12. Calculate the remainder when 12 is divided by y.
2
Suppose -2*f + 16 = 2*l, -3*f - 2*l + 9 = -2*f. Let s = -191 - -200. Calculate the remainder when s is divided by f.
2
Suppose -2*u = -4*c, 4*u + c - 20 = 5*c. Calculate the remainder when ((-12)/(-18))/((-1)/(-57)) is divided by u.
8
Let b = 7 + -9. Let z(n) = 7*n**2 + 3*n + 3. Calculate the remainder when z(b) is divided by 14 + (0 + 0 - 1).
12
Let d(b) = -3*b - 2. Calculate the remainder when d(-5) is divided by 8.
5
Suppose -5 = -3*w + 1. Let b = w - 0. What is the remainder when 4 is divided by b?
0
Let r(i) be the third derivative of -i**4/24 + 7*i**3/2 - 3*i**2. Calculate the remainder when 35 is divided by r(9).
11
Let r(i) = -i**3 - 13*i**2 - 14*i - 21. What is the remainder when 18 is divided by r(-12)?
0
Let l = 20 - 14. Suppose -3*m - 12 = -l*m. Suppose 3*s - m*y - 168 = -s, -y - 4 = 0. Calculate the remainder when s is divided by 13.
12
What is the remainder when 64 is divided by -1 - (2 + 25*-1)?
20
Suppose -2*s + 5*q + 51 = 0, 0 = 6*q - 2*q + 20. Calculate the remainder when 62 is divided by s.
10
Suppose -2*v + 5*d = -58 - 104, 4*v - 294 = -5*d. Calculate the remainder when v is divided by 7.
6
Suppose h = 4*h - 54. Suppose -4*z + 3*c = -273, 2*c - c = -5*z + 346. What is the remainder when z is divided by h?
15
Suppose 0 = 4*k + 2 - 14. Let j(m) = -m**2 + 7*m - 8. Let v be j(6). Calculate the remainder when (-7)/(-3 - (v + 0)) is divided by k.
1
Let p = -70 - -78. Calculate the remainder when 29 is divided by p.
5
Suppose 0*w - 20 = w. Suppose 2*c + r + r - 102 = 0, -c + 4*r + 41 = 0. Calculate the remainder when c is divided by (w + 3)*1*-1.
15
Suppose 5*l = -6 + 111. Calculate the remainder when 163 is divided by l.
16
Suppose -6*y + 3*y + 3 = 0. Suppose 0*n + 5*n = 50. What is the remainder when n is divided by 6/y*2/3?
2
Let k = 25 + -14. Calculate the remainder when 43 is divided by k.
10
Let v(q) = 2*q**2 - 15*q + 16. Calculate the remainder when 12 is divided by v(7).
3
Let u(g) = 2*g**2 + 8*g + 2. Calculate the remainder when 48 is divided by u(-6).
22
Suppose -k + 8 = -4*c + 1, -2*c + 100 = 4*k. Calculate the remainder when 90 is divided by k.
21
Let f(y) = y - 11. Let c(u) = u - 4. Let k be c(6). Suppose k*o = p + 8, -5*o + 3*p + 31 = 10. Calculate the remainder when o is divided by f(13).
1
Suppose 230 = 5*u - 0*u. Let p(m) = -m - 7. Let l be p(-7). Suppose 0*w + w - 16 = l. Calculate the remainder when u is divided by w.
14
Let a = -113 - -152. Calculate the remainder when a is divided by 7.
4
Let v(o) = -4 - 37*o + 31*o + 2*o**2 - 7*o**2 - o**3. What is the remainder when 13 is divided by v(-4)?
1
Suppose -5*f = 3*t - 41, 5*t + 0*t - f = 59. Suppose 5*x + 8 = 3*q + q, -3*q + 5*x = -1. Calculate the remainder when t is divided by q.
5
Let h(x) = -x - 4. Suppose -4*q + 2 + 2 = 0. Calculate the remainder when h(-7) is divided by q.
0
Suppose 5*o + 13 = 2*m, -2 = o - 3. Let n = 13 - m. Suppose 4*a = 4*s - 2*s + 28, -s - n = 0. What is the remainder when 8 is divided by a?
3
Let q be 52/(-1*3/(-3)). Suppose -q = -k - k. Calculate the remainder when 77 is divided by k.
25
Let t(x) = x**3 + 7*x**2 - 3*x - 15. What is the remainder when 11 is divided by t(-7)?
5
Suppose -3*t - 325 = 4*x - 8*x, 0 = 5*x + 3*t - 386. What is the remainder when x is divided by 28?
23
Suppose 2*x + o = 41, -x = 2*x + o - 63. Calculate the remainder when 86 is divided by x.
20
Suppose 6*n + 255 = 11*n. What is the remainder when n is divided by (-11)/(-2 + 1) - -2?
12
Suppose -3*x = -4*b + 189, -x + 193 = b + 3*b. Let q = 4 - 29. Let c = q + b. Calculate the remainder when c is divided by 12.
11
What is the remainder when 63 is divided by 16/3*(0 - -6)?
31
Suppose -2*z = -7 - 11. Let t(i) = i**2 + 11*i + 4. Calculate the remainder when t(-12) is divided by z.
7
Suppose 2*b + 19 = -53. Let m = b - -53. Suppose 3*u - u = 10. Calculate the remainder when m is divided by u.
2
Suppose 244 = -9*w + 1072. Calculate the remainder when w is divided by 27.
11
Let t = -34 + 207. Calculate the remainder when t is divided by 29.
28
Let o be -3 - (-3 - 3) - 3. What is the remainder when -2 - (-5 - (0 + o)) is divided by 1?
0
Suppose 0 = -4*t + 2*t + 176. Let j = t + -39. Calculate the remainder when j is divided by 17.
15
Let n = 25 - 16. Let u be (-4*2)/(3/(-6)). What is the remainder when (-2)/(-2*1/u) is divided by n?
7
Suppose 44 = -2*l + 3*l. Calculate the remainder when l is divided by 9.
8
Suppose 12 = 7*q - 6*q. What is the remainder when 57 is divided by q?
9
Suppose -13 = 5*f + 2. Calculate the remainder when 17 is divided by (f + -12)/(6/(-4)).
7
Let s(u) = -2*u**2 + 0*u**2 - 3 - 5*u + 4*u**2. Calculate the remainder when 35 is divided by s(4).
8
Let h = 71 + -62. What is the remainder when h is divided by 5?
4
Suppose 5*q + 5 - 60 = 0. What is the remainder when q is divided by 6?
5
Suppose 0 = 2*h + 2*h + 16, 2*h = -2*b + 68. Calculate the remainder when b is divided by 20.
18
Suppose -p - 5*b + 11 = -3*p, 0 = -4*p - 2*b + 38. Let d(h) = 2*h - 2. Calculate the remainder when d(p) is divided by 7.
5
What is the remainder when 110 is divided by (-198)/(-7) + 8/(-28)?
26
Let j(a) = -a**3 + 4*a**2 + 7*a - 6. Let q be j(5). Suppose -q*o = -o - 24. Calculate the remainder when 13 is divided by o.
5
Let w(q) = -15*q + 1. Let x = -2 - -1. Suppose 111 + 44 = 5*k. What is the remainder when k is divided by w(x)?
15
Suppose -4*p = -423 + 155. Let s(t) = 2*t**3 + 1. Calculate the remainder when p is divided by s(2).
16
Suppose 0 = j + 146 - 151. What is the remainder when 7 is divided by j?
2
Let d = -17 - -15. What is the remainder when d*4/(-24)*21 is divided by 5?
2
Let b be (2/(-5))/((-2)/5). Let z(g) = g**2 + 2*g - 1. Calculate the remainder when 2 is divided by z(b).
0
Let i(v) = -5*v - 6. Let b be i(-4). Let p(u) = u**3 - 14*u**2 + u - 7. Calculate the remainder when 27 is divided by p(b).
6
Suppose -62 = -6*o - 26. Suppose -4*x - 5*k - 79 = 0, x + 2*x = 2*k - 42. What is the remainder when x/(1/(1 - 2)) is divided by o?
4
Let m = -52 - -74. What is the remainder when m is divided by 13?
9
Suppose 2*l = -f + 6, 6*f - 7 = 3*f + 5*l. Calculate the remainder when 6 is divided by f.
2
Let h = 5 + 11. Let y be 0 + (-5)/(5/(-92)). Suppose a - y = -a. Calculate the remainder when a is divided by h.
14
Let z(f) = -19*f**3 + f**2. Let k be z(-1). Suppose n + n = k. What is the remainder when n is divided by 3?
1
Let n(p) = 3*p**2 + 26*p - 16. Calculate the remainder when n(-11) is divided by 9.
7
Suppose 3*d = n + 103, 2*d - 4*n = 30 + 52. What is the remainder when d is divided by 17?
16
What is the remainder when (-2040)/(-35) + (-6)/21 is divided by 15?
13
Suppose 4*l + 4*y - 72 = 0, -3*l = -3*y - 8 - 16. Calculate the remainder when 63 is divided by l.
11
Let i(s) be the first derivative of s**3/3 + 5*s**2 - 4*s - 7. Let b = 7 - 4. Calculate the remainder when i(-11) is divided by b.
1
Let o be (2 - 2) + 64/4. Let f = o + 7. What is the remainder when 43 is divided by f?
20
Let h be (-24)/(-9) - 2/3. Suppose 0 = b - 0*w - h*w - 80, -3*b - w = -275. Suppose 0 = -2*y - 3*y + b. Calculate the remainder when y is divided by 10.
8
Let j be (-3)/9 + (-10)/6. Let r = -22 - -53. Calculate the remainder when r is divided by -1*(j - -4) - -13.
9
Suppose 122 = 3*l - l. Let f = 24 - 8. What is the remainder when l is divided by f?
13
Calculate the remainder when 12 is divided by 5/(-30) + (-43)/(-6).
5
Suppose -5*m - 5*r = -10, -m + 3*r + 2 + 0 = 0. Calculate the remainder when 20 + (-8)/2 + m is divided by 10.
8
Suppose -4*a - 19 = 25. Calculate the remainder when 1 - (1 - 1) - a is divided by (0 + 2)*1 - -5.
5
Let o be (24/14)/((-2)/(-14)). Let t = o - 0. Suppose 4*x = 3*p + p - 16, 4*p